2. What is the hundreds digit of i?
7
What is the thousands digit of 2*5*(4795/14 + 2)?
3
Let r(i) = 46*i**2 + 1. Let h be r(-1). Suppose -a + 3*j + 6 = 3, -5*j = -4*a + h. Let m = 41 - a. What is the tens digit of m?
2
Let b(z) = -z**3 - z**2 - z + 7. Let j be b(-3). Let q = j - 4. Suppose 5*a + 56 = l, 2*a + q + 26 = l. What is the tens digit of l?
4
Suppose 2*o + 6 = 0, 4*h = h + 5*o + 30. Suppose v + 37 = 2*x - 2*v, -h*x + 103 = 3*v. Suppose x = 3*i + i. What is the units digit of i?
5
Let t = -2 + 1. What is the tens digit of t/(-4) + (-2275)/(-20)?
1
Let n = -25 + 69. What is the tens digit of n*7/(56/6)?
3
Let y = 277 - -1064. What is the hundreds digit of y?
3
Let a(g) = -2*g**3 + g**2 - 1. Let j be a(-1). Let h be j/8 + 1432/32. Suppose 6*p = p + h. What is the units digit of p?
9
Suppose 0 = 4*g - 5*b - 6221, -5*b + 10 - 15 = 0. What is the thousands digit of g?
1
Suppose 8*s = 14*s - 144. Suppose 10 = 4*x + x. Let m = s - x. What is the tens digit of m?
2
Let c be 17/3 - 5/(-15). Let t be (20/6)/((-4)/c). What is the tens digit of ((-14)/t)/((-1)/(-5))?
1
Let f(s) = -17*s + 486. What is the hundreds digit of f(13)?
2
Let y(d) = 18*d**3 + d**2 + 5*d - 2. What is the hundreds digit of y(3)?
5
Let g = -237 + 2079. What is the tens digit of g?
4
Suppose 3*o - 15 = 3*c, -3*c - 36 = 2*o - 6. What is the tens digit of c/24 + 34/3?
1
Suppose 0 = -6*b + 16 + 68. What is the units digit of 8/b + (-312)/(-42)?
8
Let p be (-6)/(-2) - (-67 - -4). What is the units digit of (-12)/p + 642/22?
9
Let j = 1002 + -403. What is the units digit of j?
9
Let g = -4 + 11. Suppose 0 = 4*w - g + 3. What is the tens digit of 15 + 0/(-2 + w)?
1
Suppose 36*i - 33*i + 5*h = 3610, 0 = 3*h + 12. What is the units digit of i?
0
Suppose -2*g + 48*y + 1252 = 44*y, 0 = 3*g - y - 1853. What is the hundreds digit of g?
6
Suppose -5*g + 178 = 3*i - 190, -g + 1 = 0. Suppose -i = -5*r + 229. What is the units digit of r?
0
Suppose 8*y = y + 98. Suppose 6*z - 4*z - y = 0. What is the units digit of z?
7
Let b = -220 - -415. What is the hundreds digit of b?
1
Let j = 52 + -16. What is the units digit of (-2)/(-4)*j/2?
9
Suppose 4*b = 0, 0*b = 3*j + 2*b + 1002. What is the units digit of j/(((-32)/(-4))/(-4))?
7
Suppose -p + 5*f + 180 = 0, 6*f - 3*f - 928 = -5*p. What is the units digit of p?
5
Let b(a) = 5*a**2 - 98*a - 36. What is the hundreds digit of b(29)?
3
Let x(q) = -q**2 + 3*q + 5. Let j(u) be the third derivative of u**5/60 - u**4/24 + 6*u**2. Let n(f) = 2*j(f) + x(f). What is the units digit of n(0)?
5
What is the tens digit of (-3)/(-8 + 1505/189)?
8
What is the tens digit of (10/30)/(2 + (-27610)/13806)?
0
Let r be (150/7)/(2/42). Let z = r + -287. Suppose -u - 3*u = 3*w - z, 4*u - 2*w = 158. What is the tens digit of u?
4
What is the tens digit of 5/(5*8/7288)?
1
Let c be ((-6)/(-8))/(1/(-4)). Let m(n) be the first derivative of -n**4/4 - 2*n**3/3 - n**2 - 2*n + 14. What is the tens digit of m(c)?
1
Suppose 0 = 4*c - 4*v - 22748, 102*c - 97*c + 4*v - 28453 = 0. What is the thousands digit of c?
5
Let s(h) = -17*h**2 - 5*h + 6. Let v be s(-3). Let l = -64 - v. What is the units digit of l?
8
Let z = 8965 + -6073. What is the hundreds digit of z?
8
Let j(g) = -15 + 1480*g - 1496*g + 3 - 11. What is the tens digit of j(-14)?
0
Let h(q) = -4*q - 47. Suppose -4*n - 139 = -47. What is the tens digit of h(n)?
4
Suppose -x = 4*g - 11, 0 = -5*x - 2*g - 3*g + 10. What is the tens digit of 50 + (-3 + -1)/x?
5
Let o be (-1)/(4/8) - 8. What is the units digit of (-6)/o + (-13240)/(-100)?
3
Let y(i) = -1. Let n(c) = c**3 - 3*c**2 - 5*c - 11. Let d(x) = n(x) - 6*y(x). Let f(o) = o + 11. Let l be f(-6). What is the units digit of d(l)?
0
Suppose -6*w - w = -42. Suppose -p = -3*p + w. What is the units digit of p?
3
Suppose 0 = -3*m - 2*q + 4021, -6*q - 5 = -7*q. What is the thousands digit of m?
1
Let g(f) = f + 33. Let s = 23 + -38. Let u be g(s). Let k = u + -5. What is the units digit of k?
3
Let n(o) = 10*o**2 + 12*o - 41. Let i(c) = -3*c**2 - 4*c + 14. Let s(p) = -7*i(p) - 2*n(p). What is the units digit of s(-7)?
5
Suppose 2*v - 4*q = -12, 2*v - 1 = -3*q + 22. Suppose -3*z + z = -2*i + v, 0 = 3*i - 9. Suppose z = f - 1. What is the units digit of f?
2
Let w be -17 - (-2 - (4 - 6)). Let l = w - -19. Suppose l*q = 3*q - 41. What is the tens digit of q?
4
Let k(t) = -t**3 + 3*t**2 + 3*t + 5. Let d be k(4). Let u = d + 6. Let o = 9 - u. What is the units digit of o?
2
Let n = -784 + 1766. What is the units digit of n?
2
Let a(t) = 324*t + 24. Let p be a(4). Suppose 17*x = 9*x + p. What is the hundreds digit of x?
1
Suppose 8*o - 6621 - 4923 = 0. What is the units digit of o?
3
Suppose -3*k = -4*m + 6674, -5*k = -2*m - 9*k + 3326. What is the thousands digit of m?
1
Suppose -q = 2*q - 15. Let c(t) = 0*t + 6 + 4*t - t - 2*t. What is the tens digit of c(q)?
1
Suppose 484 = 5*v - 4*q, 3*v - 4*q - 293 = q. Let p = 540 + -566. Let b = v + p. What is the units digit of b?
0
Let t(y) = -y**3 + 20*y**2 - 39*y - 28. What is the tens digit of t(17)?
7
Suppose -3*l + 6 = -l. Suppose 0*t + 3*r - 32 = -2*t, -3*t - l*r = -42. Suppose 20*b - 21*b + t = 0. What is the tens digit of b?
1
Let f(u) = u**3 + 2*u**2 - 3*u - 3. Let b be f(-3). Let z be (b - (-27)/15)*35. Let v = z + 83. What is the tens digit of v?
4
Let d be 0*(-1 - 0) - 0/8. Suppose 0 = -3*j + 5*r + 179, -r = -5*j - d*r + 291. What is the tens digit of j?
5
Suppose 0 = 4*r - 7*r + 99. Suppose 5*q - 7 = 3*i - 0*i, 0 = -3*i - 3*q + r. What is the units digit of i?
6
Suppose 10 = -h + 1. Let t be 2/9 - 25/h. Suppose -3*g + 4*y = -0*y - 153, 5*g = -t*y + 226. What is the units digit of g?
7
Let p(s) = -s**2 - 4*s. Suppose 0 = 2*f + 3*b - 10, 3*f = 2*f - 3*b + 11. Let o be -2 + -1 - f/1. What is the units digit of p(o)?
4
Suppose -18*y - 270 + 1116 = 0. What is the units digit of y?
7
Suppose 5*t + 27 + 33 = 0. Let f = t + 30. What is the units digit of ((-5)/(-10))/(1/f)?
9
Let h(n) be the third derivative of 17*n**6/120 - n**5/30 - n**3/6 - 21*n**2. What is the units digit of h(2)?
7
Let g = 27 - 12. Suppose -m + 4*y = -19, -2*y - 19 = -4*m + g. Suppose 3*o - 97 = -m. What is the tens digit of o?
3
Suppose 108 = 2*m + m. Suppose 4*g - 155 = 97. Suppose -3*o + g = -m. What is the units digit of o?
3
Suppose -4*m + 24 = o, -4*o + 23 = m - 8*o. Suppose 121 - m = 3*l. What is the units digit of l?
8
Let w = -9 - -6. Let z = w - -98. Suppose 0 = 2*i - 23 - z. What is the tens digit of i?
5
Suppose 695 = 2*s - 2*j - 4511, 3*j = 0. What is the units digit of s?
3
Let s be (12 - 13) + (-2)/(-2). Suppose 14*w - 10*w - 356 = s. What is the units digit of w?
9
Suppose -l = -2*w - 15, -l + w = 3*w - 15. Suppose -5*d - m = -6*m - 135, -d - 3*m + l = 0. Let o = d - 19. What is the units digit of o?
5
Suppose 0 = -y + 4*p - 18, -14 = -3*y - 7*p + 2*p. Let q be -1 + 1 + y + 2. Let l(r) = r**2 + r + 7. What is the units digit of l(q)?
7
Let q(n) = 4 - 3 + n**2 + 15*n - 20*n. What is the units digit of q(6)?
7
Let h(l) = 4*l**2 - 109*l - 35. What is the tens digit of h(38)?
9
Suppose 0 = -c - 2*l + 212, 4*c - 900 = -0*c + 5*l. Suppose t + 3*t = 20, -z + c = -t. What is the units digit of z?
5
Let d(x) = -5*x + 20. Let c = -139 + 134. What is the tens digit of d(c)?
4
What is the hundreds digit of (-1419)/(-3) - 6 - -6?
4
Suppose 5*m - 2*q - 20101 + 86 = 0, m = -q + 4003. What is the tens digit of m?
0
Suppose -20 = -3*s + 13. Suppose -14 + s = -l. Suppose -l*c - 9 = -x + 13, -2*c + 10 = 0. What is the units digit of x?
7
Let f(c) = c**2 - c. Let u be f(-1). Let a(p) = 3 + 9*p**2 + 0*p**2 - 8*p**u + 2*p. What is the units digit of a(-9)?
6
Let j(b) = 24*b**2 + 10*b - 6. Let l(n) = 12*n**2 + 5*n - 3. Let u(t) = -3*j(t) + 7*l(t). What is the units digit of u(-3)?
0
Suppose -10841 = 4*f - 9*f - 2*m, m + 2 = 0. What is the tens digit of f?
6
Let z = -11 - 41. Let u(m) = -11*m + 1. Let g be u(3). Let h = g - z. What is the tens digit of h?
2
Let g(k) = 230*k - 332. What is the units digit of g(10)?
8
Let j(u) = 3*u - 1. Let o be (-3 - -5 - -5) + 1. Let x be j(o). Suppose 5*q - 383 = -x. What is the tens digit of q?
7
Suppose 0 = -3*f + 2 + 1, -x + 4*f = 11. Let g be 1*(2/3*-3 - -3). What is the units digit of (g - x)/((-3)/(-6))?
6
Let t = -60 - -84. 